 6*b + 1/3*b**3. Let y be g(-1). What is the highest common factor of 55 and y?
5
Let v(g) = -g**3 + 9*g**2 - 15*g + 24. Let p be v(3). What is the highest common divisor of p and 1749?
33
Suppose -2533 = 4*m + 339. Suppose -70 = 66*n - 52*n. Let b be m/n - 4/(-10). What is the highest common divisor of 16 and b?
16
Let b(u) = u**3 - 5*u**2 + 6*u - 8. Let m be b(4). Suppose m = -2*c + k + 14 + 48, 5*c + k - 162 = 0. What is the greatest common factor of 64 and c?
32
Let m = -299 - -331. What is the highest common divisor of 2 and m?
2
Suppose 0 = u + u - 2. Let s(d) = d**2 + 7. Let j(p) = 4*p**2 + 20. Let b(w) = 6*j(w) - 17*s(w). Let o be b(u). What is the greatest common divisor of o and 72?
8
Suppose 968 = -323*n + 331*n. What is the greatest common divisor of 11 and n?
11
Suppose 292 = 2*j + c + 61, 0 = 5*j - 2*c - 573. What is the greatest common divisor of j and 23?
23
Suppose -6*i + 208 = -5*i. Let r = -1375 + 1401. What is the highest common factor of r and i?
26
Let l = 3946 - 1986. What is the highest common factor of l and 10?
10
Let k(i) = -i + 14. Let o be k(9). Suppose -o*g + 322 = a, -5*g = 2*a + 2*a - 328. What is the highest common factor of 8 and g?
8
Suppose 3*o - 6*o - 14 = -2*y, 3*o = -3*y - 9. Let i(h) = -13*h + 12 + 2 + h - y. Let l be i(-9). Calculate the greatest common divisor of l and 11.
11
Let g be 5/(-3) - 5502/(-18). Calculate the highest common factor of 38 and g.
38
Let l be 3*((5 - 2) + -8)*-8. What is the greatest common factor of l and 192?
24
Let v = -5 + 8. Suppose 2*j - 1 = v. Calculate the greatest common factor of j and 6.
2
Let g be (-5320)/(-114) - 2/3. Calculate the highest common divisor of g and 1242.
46
Suppose -17*h = -14*h + 6. Let q be (-1)/h - 6/(-12). Let x(o) = -o**2 + 8*o - 8. Let g be x(6). What is the greatest common factor of g and q?
1
Suppose 2*w + w = 51. Let v = 336 - 183. What is the greatest common factor of v and w?
17
Let o be (-6 - 84/(-9))*(-21)/(-2). What is the greatest common factor of o and 35?
35
Let d be 3/(-2)*1480/(-3). Suppose -5*x - 5*w = -0 - d, 2*x - 5*w - 275 = 0. Suppose 0 = -8*n + 15*n - 203. Calculate the greatest common divisor of n and x.
29
Let o be (-3)/(-9)*-3*-53. Let b = o - 33. Let d = -10 + b. What is the highest common factor of d and 2?
2
Let g = 7 + -31. Let x = g + 25. Calculate the highest common divisor of 1 and x.
1
Let j(o) = o**3 + 2*o**2 - 3*o - 4. Let d be j(4). Let g be 96/d*(-10)/(-3). Suppose -g + 64 = 3*z. Calculate the highest common divisor of z and 4.
4
Let g be (-14)/(5*(-2)/550). What is the highest common divisor of 175 and g?
35
Suppose 2*t - 864 - 798 = -5*k, -10 = 5*k. Let b be t/36 + 3 + (-8)/36. Calculate the highest common divisor of b and 39.
13
Let s be ((-12)/14)/((-7)/2009). Let v be (-2)/(-5)*(1 - s). Let b be ((-12)/4)/(-3) - v. What is the highest common divisor of 9 and b?
9
Let w be 1/3*11*-3. Let q(j) = j**3 + 11*j**2 - 2*j + 2. Let i be q(w). Calculate the highest common divisor of 12 and i.
12
Suppose -5*u + 30 = -t - 91, -5*t = -2*u + 53. Calculate the greatest common factor of u and 72.
24
Suppose 4*s + 332 = 4*k, 3*k + s - 40 = 205. Let j = 3879 + -3838. Calculate the highest common divisor of j and k.
41
Suppose -2*y = 10, -4*x = -0*y - y - 85. Suppose 0 = -6*s - 68 - 22. Let i = x + s. Calculate the highest common divisor of i and 15.
5
Let l = -55 + 28. Let g = l + 41. Let h be g - (24/(-4) - -3). Calculate the greatest common divisor of 153 and h.
17
Suppose 4*m + 70 = 7*m + 4*o, 0 = -2*o - 4. What is the greatest common factor of m and 351?
13
Suppose 10*p = 6*p - 64. Let w(o) = o**3 + 15*o**2 - 22*o + 14. Let c be w(p). What is the greatest common divisor of 44 and c?
22
Suppose 19 = -q + 51. What is the highest common factor of q and 16?
16
Suppose 29 = 3*n - 4*c, n = 3*n + 5*c - 27. Let z = -44 - -165. What is the greatest common factor of z and n?
11
Suppose 4*v + 21 + 11 = -2*y, -24 = 3*v - y. Let f(t) = -t**2 - 9*t - 7. Let j be f(v). Let z = 0 + j. What is the highest common factor of z and 5?
1
Let z = -1480 + 1522. What is the highest common divisor of z and 54?
6
Suppose 18 = -b - 4*c + 54, -4*b + 165 = -5*c. Calculate the greatest common factor of 70 and b.
10
Let w(h) = -h**3 + 35*h**2 - 23*h - 147. Let x be w(30). Calculate the highest common factor of 99 and x.
99
Suppose 0 = 4*j + 4*i - 12 - 20, -5*j = 3*i - 34. Calculate the greatest common factor of j and 65.
5
Let g = 10 - 5. Let m(s) = -7*s + s**2 - 2 + g + 0*s**2 + 3. Let x be m(13). Calculate the highest common divisor of x and 12.
12
Let l(x) = -x**3 - 16*x**2 - 13*x + 30. Let o be l(-15). Suppose -4*r - 3*g + 30 = o, 8 = -g + 5*g. Calculate the greatest common divisor of 6 and r.
6
Let x(z) = -z - 14. Let a be x(-18). Suppose -10 + a = -6*i. What is the greatest common factor of i and 1?
1
Let z(v) = -v**2 + 18*v - 17. Let o be z(8). What is the greatest common divisor of 105 and o?
21
Suppose 0 = -2*d + 30*d - 2016. Suppose -4*h + 28 = 104. Let i = -10 - h. Calculate the greatest common factor of d and i.
9
Suppose 0 = 125*h + 192 - 2942. Calculate the greatest common factor of h and 8.
2
Suppose 0 = -4*d + 4. Let v(z) = 59*z**3 - z**2 - 2*z + 2. Let a be v(d). Let t = a + -36. What is the greatest common divisor of t and 22?
22
Let l(b) = -b**3 + 4*b**2 + 4*b + 7. Let h be l(5). Let k = -2098 + 1438. Let c be (h/6)/((-4)/k). Calculate the greatest common factor of c and 5.
5
Suppose 78 = 7*y - 307. Suppose 4*a = x + 90, -5*a - 3*x + 7*x = -118. What is the greatest common divisor of a and y?
11
Let t = -506 - -564. What is the highest common divisor of t and 203?
29
Suppose -48 = 66*w - 72*w. What is the greatest common divisor of 2 and w?
2
Suppose 0 = 2*m + 11 + 1. Let r be ((-15)/10)/(m/160). Suppose r = 3*g - 2*g + 2*u, -g + 25 = -u. Calculate the greatest common factor of 6 and g.
6
Let g(h) = 3*h + 1. Let v be g(13). Suppose v = 2*x + 3*x. Let q be 3 - (-12)/x*6. What is the greatest common divisor of q and 2?
2
Let x(j) = -j. Let v be x(-3). Suppose v*i - 6 = i. Suppose m - 34 = -3*k + 33, -i*k - 208 = -4*m. Calculate the highest common factor of 11 and m.
11
Suppose 4*v = 4*z + 744, 5*v - 2*z = 288 + 654. What is the greatest common factor of 10 and v?
10
Suppose -12*m = 36*m - 2304. What is the highest common divisor of m and 228?
12
Let w be 1 + -7 + 100 + 6. Calculate the greatest common factor of w and 4.
4
Suppose 0 = -56*t + 31*t + 425. Let h be (-342)/(-4) - (-4)/(-8). What is the greatest common divisor of t and h?
17
Suppose 0 = -3*u + 7*f - 2*f + 591, 5*u + f - 957 = 0. What is the greatest common divisor of 64 and u?
64
Let y(u) = 36*u - 9. Let c(b) = 37*b - 8. Let o(a) = -7*c(a) + 6*y(a). Let t = -4 - -2. Let n be o(t). What is the greatest common divisor of n and 11?
11
Suppose 5*m = -3*v + 2390, -3183 = -4*v - 9*m + 6*m. Calculate the highest common divisor of v and 15.
15
Let b be ((-1230)/(-8))/((-2)/(-8)). Let c = -790 - -1135. Let r = b - c. What is the highest common factor of r and 30?
30
Suppose 26*r - 5*d = 24*r + 124, -5*d + 211 = 3*r. Calculate the greatest common divisor of 4087 and r.
67
Let y be (15/4)/((-6)/(-32)). Let m be ((-40)/(-14))/(6/21). What is the highest common divisor of y and m?
10
Suppose h + 2*u - 79 - 66 = 0, -h + 3*u = -135. What is the greatest common factor of 329 and h?
47
Let a be (5/4)/((-2)/(-136)). Let r = 1299 - 1282. What is the greatest common divisor of r and a?
17
Let l(n) = n + 4. Let b be l(0). Suppose -b*r + 4*m = -32, 7*m = 2*r + 3*m - 12. Suppose -16 = 4*p - 32. What is the greatest common factor of p and r?
2
Let y be 0 + 2/(2 + 0). Let c(s) = 4*s**2 - 31*s - 36. Let k be c(9). Calculate the highest common factor of k and y.
1
Let n = -12 + 13. Let h be 44/12*3*n. Suppose 2*j = j + 44. What is the highest common factor of h and j?
11
Let t = 21 - 13. Suppose 10*u - 37 = -27*u. What is the highest common divisor of t and u?
1
Let j(a) = 9*a - 51. Let r be j(27). Calculate the greatest common divisor of 3 and r.
3
Suppose -4*j + 1 + 19 = 0. Suppose 0 = 4*m - j*c - 223, 4*m - 3*m = -3*c + 43. Calculate the highest common divisor of m and 26.
26
Let x(y) = y**3 + 21*y**2 - 8. Let f be x(-21). Let v be -2*(-4 - 20/f). Calculate the greatest common divisor of v and